-b*o - 3*t + 26 = -7*t, 0 = 3*o + 5*t + 14. What are the prime factors of o?
2
Let y(o) = -o**3 - o**2 + 3*o + 2. Let v be y(-2). What are the prime factors of (-3)/(-3)*v - -26?
2, 13
Let x = 264 - 44. List the prime factors of x.
2, 5, 11
Let a(n) = -4*n**2 + 4*n + 25. Let b(y) = -11*y**2 + 11*y + 76. Let c(m) = -8*a(m) + 3*b(m). What are the prime factors of c(0)?
2, 7
Let m be 692/24 - 2/(-12). Let q = -20 + m. What are the prime factors of q?
3
Let i(f) = -f - 1. Let h(r) be the third derivative of -2*r**4/3 + r**3/3 + r**2. Let c(g) = -h(g) - i(g). List the prime factors of c(1).
2
Let k be 49/(-2) - 6/4. Let u(q) = -5*q**3 - q**2. Let a be u(-1). List the prime factors of k/(-7) + a/14.
2
List the prime factors of (1/((-1)/(-18)))/((-6)/(-32)).
2, 3
Let c = 23 - -1. What are the prime factors of c?
2, 3
Suppose -3*c = -263 - 76. List the prime factors of c.
113
Let r(t) = t**2 - 8*t - 6. Let i be (-30)/(-25)*(-30)/(-4). Let h be r(i). Suppose 3*p = h*n - 3, 5 = -p + 5*n - 3*n. What are the prime factors of p?
3
Let n = -9 - -16. What are the prime factors of n?
7
Suppose -7*h = -9*h + 96. What are the prime factors of h?
2, 3
Suppose 2*m - 4 = -2. Suppose -5 = -s - m. Suppose -s*k = t - 74, 3*t - 10 - 3 = -k. What are the prime factors of k?
19
Let p(a) = -129*a - 3. What are the prime factors of p(-2)?
3, 5, 17
Suppose -5*a + 418 = -82. What are the prime factors of a?
2, 5
List the prime factors of 1/((-1)/2) - -19.
17
Let l(o) = -o - 1. Let p be l(-3). Let z be (-3)/2*(-16)/12. Suppose 4*u - 20 = -z*r, -3*u + 10 = -p*u - 2*r. List the prime factors of u.
2, 3
Let s(x) = -x**2 - 21*x - 30. List the prime factors of s(-13).
2, 37
Suppose 11*x = 1571 + 200. List the prime factors of x.
7, 23
List the prime factors of (-6)/(-9) + 1 + (-984)/(-9).
3, 37
Let m be 0 - (19 - 2/2). Let g be (-12)/(-18)*195/(-5). Let p = m - g. What are the prime factors of p?
2
Let m be (-4)/6 - 86/(-3). Suppose -2*d + 102 = -m. Suppose g - d = -4*g. List the prime factors of g.
13
Let v(h) = h**3 + 7*h**2 + 6*h + 2. What are the prime factors of v(-6)?
2
Let z(i) = 3*i**2 + i - 1. Let t be z(1). Suppose -t*q - 2*q = -10. Suppose q*c + 48 = 7*k - 3*k, c - 60 = -5*k. List the prime factors of k.
2, 3
Let b = -3 - -9. Suppose 0 = -4*s + b*s - 34. List the prime factors of s.
17
Suppose -3*j = -5*t + 283, j + 69 + 100 = 3*t. List the prime factors of t.
2, 7
Suppose -2*l + 146 = 3*c - 3*l, -4*l = 3*c - 151. List the prime factors of c.
7
Let h = 32 - 6. What are the prime factors of h?
2, 13
List the prime factors of (3 + 82)/(-2 + 3).
5, 17
Let i be (1 - 1)/(-1 + 0). Let g(a) = -a**2 + 28*a + 31*a + 6 - 58*a. What are the prime factors of g(i)?
2, 3
Let a(f) = -f**2 + 7*f + 13. Let t be a(10). Let h = t + 32. List the prime factors of h.
3, 5
List the prime factors of (-2 - (-8)/6) + (-392)/(-12).
2
Let b be 5/(5/(-4)) + -1. Let i = b - -8. List the prime factors of i/((-12)/22)*-2.
11
Let d = -75 + 95. What are the prime factors of d?
2, 5
Suppose -65 = 5*j - 10*j. Suppose j*b = 10*b + 105. What are the prime factors of b?
5, 7
Let s = 1 - -1. Suppose -u + s*u = 13. Suppose -5*f + u = -17. What are the prime factors of f?
2, 3
Let g be 6/4 + (-1)/(-2). Suppose 4*c + 0*v - 33 = v, 3*v = -5*c + 54. Suppose -14 = -2*d + 5*r + c, 4*d - g*r = 38. What are the prime factors of d?
3
Let q(x) = 2*x**2 + 4*x - 3. Let j be q(3). What are the prime factors of j/(-2)*12/(-18)?
3
Let j = 47 + -16. Let r = -19 + j. List the prime factors of r.
2, 3
Let g = 19 - 21. List the prime factors of ((-64)/(-80))/(g/(-80)).
2
Suppose -5*m - 127 = -5*c + 283, -c = -2*m - 82. Suppose d + 2*y = -4 + 42, -2*d + 2*y = -c. Let p = -25 + d. List the prime factors of p.
3, 5
Let r = -122 + 76. Let v = r - -66. What are the prime factors of v?
2, 5
Let d = -14 - -15. Suppose -s + 8 = -d. List the prime factors of s.
3
Suppose 2*q - 45 = n, -q + 18 = n - 3. Suppose q = 2*t - 2. What are the prime factors of t?
2, 3
Suppose 3*o + 2*x - 4*x = 157, -o + 3*x + 50 = 0. What are the prime factors of o?
53
What are the prime factors of (-3)/30*4 + (-1044)/(-10)?
2, 13
Let w be 20/6 + 4/6. Suppose -79 = -5*f - k, -67 = -w*f + k + 2*k. Let r = -2 + f. What are the prime factors of r?
2, 7
Let u(h) = 58*h**2 - h - 1. List the prime factors of u(-1).
2, 29
Suppose -2*m - 2*x = -7*m + 40, m - 8 = -3*x. Suppose 2*a - 3 = -s, -2*s = -5*a + 13 + m. List the prime factors of a.
3
Suppose 3*k + 0*k = -39. What are the prime factors of -4*2/(4/k)?
2, 13
Let t = -69 + 114. List the prime factors of t.
3, 5
Suppose -8 = 4*m + 4*o, -6*m + o + 12 = -2*m. Let j be 0 + 1/(m/48). Let p = j + -12. List the prime factors of p.
2, 3
Let x = 6 + -4. Suppose -2*l - 8 = x*h, h - 3 = -2*l - 11. Suppose 3*t - 9 = h, -4*t = 2*u - t - 25. What are the prime factors of u?
2
Let a(k) be the third derivative of 0*k - 3*k**2 + 1/60*k**5 + 1/24*k**4 - 2/3*k**3 + 0. What are the prime factors of a(-4)?
2
What are the prime factors of (-19)/(-2)*(3 + -1)?
19
Let y(h) = -4*h + h**2 + 0*h**3 - 2*h**2 + h**3 + 0 - 1. List the prime factors of y(3).
5
Let m = 3 + -5. List the prime factors of 3 - -2 - m/1.
7
Let h = 51 - 26. What are the prime factors of h?
5
Suppose 509 - 117 = 4*v. What are the prime factors of v?
2, 7
Let x = -5 - -9. Suppose -x*b - b = 0. Suppose 0 = 4*o - 8 - b. List the prime factors of o.
2
Suppose 50 = c - s - 0*s, -c + 59 = -4*s. What are the prime factors of c?
47
Let p = -357 + 733. What are the prime factors of p?
2, 47
Let g(b) = -b**3 + 15*b**2 + 8*b - 41. What are the prime factors of g(13)?
401
List the prime factors of 4 + 41 + 4 - 4.
3, 5
Let q(s) = -s + 1. Let u be q(-2). Suppose -m - 10 = 3*x + 1, -4*x = -5*m + 2. Let l = u - x. List the prime factors of l.
2, 3
What are the prime factors of 9*10/4*14/1?
3, 5, 7
Suppose -3*s + 7 = p + 2, 5*s = -p + 5. Let u = s - -20. Let h = -14 + u. List the prime factors of h.
2, 3
Let c(v) = -3*v. Let f be c(-1). List the prime factors of ((-1)/f)/((-3)/18).
2
Let h be (15/10)/(2/20). Let n = h + 3. What are the prime factors of n?
2, 3
List the prime factors of 836/12 + 2/6.
2, 5, 7
Let u be (0 + 1)*(-31 - 1). List the prime factors of ((-15)/(-10))/((-3)/u).
2
Let o(j) = -j + 4. Let y be o(2). Suppose -y*l + 32 + 22 = 0. List the prime factors of l.
3
Let y(g) = g + 13. Let v be y(-7). Suppose -v + 0 = -3*o. List the prime factors of (-3*o - 0)/(-2).
3
Let n(i) = i**2 + 6*i - 10. Let l be n(-8). Suppose -3*x + l = -0*x. Suppose 48 = x*w + 4. List the prime factors of w.
2, 11
Let m(z) = z**2 + 7*z - 6. List the prime factors of m(-19).
2, 3, 37
Let t(c) = c**3 + 5*c**2 - 3*c. Let h be t(-5). Let d = 20 + h. Suppose 5*a - d = -0*a. What are the prime factors of a?
7
Suppose 0*z + z = 18. Let h = z - 5. What are the prime factors of h?
13
Suppose 0 = 5*d + 2*o - 101, 4*d - 5*o + 4*o - 86 = 0. What are the prime factors of d?
3, 7
Let g(b) = -3*b**2 - 3*b. Let k be g(-2). Let j be ((-7)/(-2))/((-3)/k). What are the prime factors of j + -4*3/6?
5
Suppose 2*a = 2*y + a - 2, -y + a = 0. Suppose 4*h - 3*w = 12, -4*w = 5*h - y*h + 16. Suppose -17 = -h*m - m. What are the prime factors of m?
17
Suppose -2*s = -6*s + 868. List the prime factors of s.
7, 31
Let a(k) = -k**3 - 3*k**2 + k - 3. List the prime factors of a(-5).
2, 3, 7
Suppose 20*l + 230 = 25*l. What are the prime factors of l?
2, 23
Let f be 18 - 5 - (-4)/(-2). Let s(k) = 1 - 16 - k - f*k**2 - k - k**3. What are the prime factors of s(-11)?
7
Suppose -28 = -4*x + l, 2*x + 3 - 11 = -l. Suppose -w = -5*s - 0*w + 9, -2*s + w + x = 0. List the prime factors of (s + 0)/(1/9).
3
Suppose -3*q + 33 + 66 = 0. What are the prime factors of q?
3, 11
Let a(n) = -n**3 + 5*n**2 - 2*n - 1. Let h be a(2). Let d = h + 11. What are the prime factors of d?
2, 3
Let a = 18 + -7. Let l(q) = q**3 - 11*q**2 + 4. Let g be l(a). Suppose 76 = g*c + 4*b, 0 = -5*c - 3*b + 32 + 71. List the prime factors of c.
23
Suppose 30 = -x - 3*x - 3*a, -4*a - 20 = 2*x. Let i(u) = u + 11. What are the prime factors of i(x)?
5
Suppose 0 = 2*u - 0*t - 4*t - 4, -5*u - 5*t = 5. Suppose -2*b - 3*q = -0*b - 19, 4 = -3*b + 2*q. Suppose -3*c + 14 - b = u. List the prime factors of c.
2
Let j(i) = -6*i**3 + 2*i**2 + 2*i - 1. Let u(f) = f - 12. Let v be 